{"id":131,"date":"2021-09-10T01:21:31","date_gmt":"2021-09-10T01:21:31","guid":{"rendered":"http:\/\/casgoiania.com.br\/?page_id=131"},"modified":"2023-06-26T21:12:17","modified_gmt":"2023-06-27T00:12:17","slug":"libras-iii","status":"publish","type":"page","link":"https:\/\/casgoiania.com.br\/index.php\/libras-iii\/","title":{"rendered":"Libras III"},"content":{"rendered":"\n<div class=\"wp-block-group is-vertical is-layout-flex wp-container-core-group-is-layout-8cf370e7 wp-block-group-is-layout-flex\">\n<p class=\"has-black-color has-text-color\"><a rel=\"noreferrer noopener\" href=\"http:\/\/casgoiania.com.br\/index.php\/corpo-humano-e-saude\/\" target=\"_blank\"><span style=\"text-decoration: underline;\">CORPO HUMANO<\/span><\/a><\/p>\n\n\n\n<p class=\"has-black-color has-text-color\"><a rel=\"noreferrer noopener\" href=\"http:\/\/casgoiania.com.br\/index.php\/comunidades-surdas-no-brasil\/\" target=\"_blank\"><span style=\"text-decoration: underline;\">COMUNIDADES SURDAS NO BRASIL<\/span><\/a><\/p>\n\n\n\n<p class=\"has-black-color has-text-color\"><a rel=\"noreferrer noopener\" href=\"http:\/\/casgoiania.com.br\/index.php\/pronomes-indefinidos-e-quantificadores\/\" target=\"_blank\"><span style=\"text-decoration: underline;\">PRONOMES INDEFINIDOS E QUANTIFICADORES<\/span><\/a><\/p>\n\n\n\n<p class=\"has-black-color has-text-color\"><a rel=\"noreferrer noopener\" href=\"http:\/\/casgoiania.com.br\/index.php\/higiene\/\" target=\"_blank\"><span style=\"text-decoration: underline;\">HIGIENE E SA\u00daDE<\/span><\/a><\/p>\n\n\n\n<p class=\"has-vivid-red-color has-text-color\"><a rel=\"noreferrer noopener\" href=\"http:\/\/casgoiania.com.br\/index.php\/forma-condicional-si\/\" target=\"_blank\"><span style=\"text-decoration: underline;\">FORMA CONDICIONAL \u201cSI\u201d<\/span><\/a> [DISPON\u00cdVEL EM BREVE]<\/p>\n\n\n\n<p class=\"has-black-color has-text-color\"><a href=\"http:\/\/casgoiania.com.br\/index.php\/hora-cronologica-e-hora-duracao\/\"><span style=\"text-decoration: underline;\">HORA (CRON\u00d3LOGICA E DURA\u00c7\u00c3O)<\/span><\/a><\/p>\n\n\n\n<p class=\"has-black-color has-text-color\"><a rel=\"noreferrer noopener\" href=\"http:\/\/casgoiania.com.br\/index.php\/esportes\/\" target=\"_blank\"><span style=\"text-decoration: underline;\">ESPORTES<\/span><\/a><\/p>\n\n\n\n<p class=\"has-black-color has-text-color\"><span style=\"text-decoration: underline;\"><a href=\"http:\/\/casgoiania.com.br\/index.php\/drogas\/\" target=\"_blank\" rel=\"noreferrer noopener\">DROGAS<\/a><\/span><\/p>\n\n\n\n<p class=\"has-black-color has-text-color\"><span style=\"text-decoration: underline;\"><a href=\"http:\/\/casgoiania.com.br\/index.php\/mais-e-mas\/\" target=\"_blank\" rel=\"noreferrer noopener\">SINAIS PARA \u201cMAS\u201d E \u201cMAIS\u201d<\/a><\/span><\/p>\n\n\n\n<p class=\"has-black-color has-text-color\"><span style=\"text-decoration: underline;\"><a href=\"http:\/\/casgoiania.com.br\/index.php\/cidades-de-goias\/\" target=\"_blank\" rel=\"noreferrer noopener\">CIDADES DE GOI\u00c1S<\/a><\/span><\/p>\n\n\n\n<p class=\"has-black-color has-text-color\"><span style=\"text-decoration: underline;\"><a href=\"http:\/\/casgoiania.com.br\/index.php\/adverbio-de-frequencia\/\" target=\"_blank\" rel=\"noreferrer noopener\">ADV\u00c9RBIOS DE FREQU\u00caNCIA<\/a><\/span><\/p>\n\n\n\n<p class=\"has-black-color has-text-color\"><span style=\"text-decoration: underline;\"><a href=\"http:\/\/casgoiania.com.br\/index.php\/verbos-com-e-sem-concordancia\/\" target=\"_blank\" rel=\"noreferrer noopener\">VERBOS (COM CONCORD\u00c2NCIA E SEM CONCORD\u00c2NCIA)<\/a><\/span><\/p>\n<\/div>\n","protected":false},"excerpt":{"rendered":"<p>CORPO HUMANO COMUNIDADES SURDAS NO BRASIL PRONOMES INDEFINIDOS E QUANTIFICADORES HIGIENE E SA\u00daDE FORMA CONDICIONAL \u201cSI\u201d [DISPON\u00cdVEL EM BREVE] HORA (CRON\u00d3LOGICA E DURA\u00c7\u00c3O) ESPORTES DROGAS SINAIS PARA \u201cMAS\u201d E \u201cMAIS\u201d&hellip;<a href=\"https:\/\/casgoiania.com.br\/index.php\/libras-iii\/\" class=\"more-link\"><span class=\"more-button\">Clique para ler mais<span class=\"screen-reader-text\">Libras III<\/span><\/span><\/a><\/p>\n","protected":false},"author":2,"featured_media":0,"parent":0,"menu_order":0,"comment_status":"closed","ping_status":"closed","template":"","meta":{"_mi_skip_tracking":false,"footnotes":""},"class_list":["post-131","page","type-page","status-publish","hentry"],"_links":{"self":[{"href":"https:\/\/casgoiania.com.br\/index.php\/wp-json\/wp\/v2\/pages\/131","targetHints":{"allow":["GET"]}}],"collection":[{"href":"https:\/\/casgoiania.com.br\/index.php\/wp-json\/wp\/v2\/pages"}],"about":[{"href":"https:\/\/casgoiania.com.br\/index.php\/wp-json\/wp\/v2\/types\/page"}],"author":[{"embeddable":true,"href":"https:\/\/casgoiania.com.br\/index.php\/wp-json\/wp\/v2\/users\/2"}],"replies":[{"embeddable":true,"href":"https:\/\/casgoiania.com.br\/index.php\/wp-json\/wp\/v2\/comments?post=131"}],"version-history":[{"count":4,"href":"https:\/\/casgoiania.com.br\/index.php\/wp-json\/wp\/v2\/pages\/131\/revisions"}],"predecessor-version":[{"id":2178,"href":"https:\/\/casgoiania.com.br\/index.php\/wp-json\/wp\/v2\/pages\/131\/revisions\/2178"}],"wp:attachment":[{"href":"https:\/\/casgoiania.com.br\/index.php\/wp-json\/wp\/v2\/media?parent=131"}],"curies":[{"name":"wp","href":"https:\/\/api.w.org\/{rel}","templated":true}]}}