{"id":125,"date":"2021-09-10T01:19:56","date_gmt":"2021-09-10T01:19:56","guid":{"rendered":"http:\/\/casgoiania.com.br\/?page_id=125"},"modified":"2025-04-04T07:42:22","modified_gmt":"2025-04-04T10:42:22","slug":"glossario-libras-ii","status":"publish","type":"page","link":"https:\/\/casgoiania.com.br\/index.php\/glossario-libras-ii\/","title":{"rendered":"Libras II"},"content":{"rendered":"\n<p class=\"has-black-color has-text-color\"><a rel=\"noreferrer noopener\" href=\"http:\/\/casgoiania.com.br\/index.php\/glossario-libras-ii-verrbos-sinais-ambiente-escolar\/\" target=\"_blank\"><span style=\"text-decoration: underline;\">SINAIS E VERBOS DO AMBIENTE ESCOLAR<\/span><\/a><\/p>\n\n\n\n<p class=\"has-black-color has-text-color\"><a rel=\"noreferrer noopener\" href=\"http:\/\/casgoiania.com.br\/index.php\/disciplinas-escolares\/\" target=\"_blank\"><span style=\"text-decoration: underline;\">DISCIPLINAS ESCOLARES<\/span><\/a><\/p>\n\n\n\n<p class=\"has-black-color has-text-color\"><a rel=\"noreferrer noopener\" href=\"http:\/\/casgoiania.com.br\/index.php\/profissionais-da-escola\/\" target=\"_blank\"><span style=\"text-decoration: underline;\">PROFISSIONAIS DA ESCOLA<\/span><\/a><\/p>\n\n\n\n<p class=\"has-black-color has-text-color\"><a rel=\"noreferrer noopener\" href=\"http:\/\/casgoiania.com.br\/index.php\/identidade-cultura-surda\/\" target=\"_blank\"><span style=\"text-decoration: underline;\">IDENTIDADE E CULTURA SURDA<\/span><\/a><\/p>\n\n\n\n<p class=\"has-black-color has-text-color\"><a rel=\"noreferrer noopener\" href=\"http:\/\/casgoiania.com.br\/index.php\/alimentos\/\" target=\"_blank\"><span style=\"text-decoration: underline;\">ALIMENTOS<\/span><\/a><\/p>\n\n\n\n<p class=\"has-black-color has-text-color\"><a rel=\"noreferrer noopener\" href=\"http:\/\/casgoiania.com.br\/index.php\/receita\/\" target=\"_blank\"><span style=\"text-decoration: underline;\">RECEITA<\/span><\/a><\/p>\n\n\n\n<p class=\"has-black-color has-text-color\"><span style=\"text-decoration: underline;\"><a href=\"http:\/\/casgoiania.com.br\/index.php\/pronome-demonstrativo-e-adverbio-de-lugar\/\" target=\"_blank\" rel=\"noreferrer noopener\">PRONOMES DEMONSTRATIVOS E ADV\u00c9RBIOS DE LUGAR<\/a><\/span><\/p>\n\n\n\n<p class=\"has-black-color has-text-color\"><a href=\"http:\/\/casgoiania.com.br\/index.php\/vestuarios-e-acessorios\/\" target=\"_blank\" rel=\"noreferrer noopener\">VESTU\u00c1RIOS E ACESS\u00d3RIOS<\/a><\/p>\n\n\n\n<p class=\"has-black-color has-text-color\"><a href=\"http:\/\/casgoiania.com.br\/index.php\/calendarios\/\" target=\"_blank\" rel=\"noreferrer noopener\">CALEND\u00c1RIO E HORAS<\/a><\/p>\n\n\n\n<p class=\"has-black-color has-text-color\"><a href=\"http:\/\/casgoiania.com.br\/index.php\/animais\/\" target=\"_blank\" rel=\"noreferrer noopener\">ANIMAIS<\/a><\/p>\n\n\n\n<p class=\"has-vivid-red-color has-text-color\"><a href=\"http:\/\/casgoiania.com.br\/index.php\/intensificadores-libras\/\" target=\"_blank\" rel=\"noreferrer noopener\">INTENSIFICADORES EM LIBRAS<\/a><\/p>\n\n\n\n<p class=\"has-black-color has-text-color\"><a href=\"http:\/\/casgoiania.com.br\/index.php\/moveis-utensilios\/\" target=\"_blank\" rel=\"noreferrer noopener\">M\u00d3VEIS E UTENS\u00cdLIOS<\/a><\/p>\n\n\n\n<p class=\"has-black-color has-text-color\"><a href=\"http:\/\/casgoiania.com.br\/index.php\/pesos-e-medidas\/\" target=\"_blank\" rel=\"noreferrer noopener\">PESOS E MEDIDAS<\/a><\/p>\n\n\n\n<p class=\"has-black-color has-text-color\"><a href=\"http:\/\/casgoiania.com.br\/index.php\/locais-de-goiania\/\" target=\"_blank\" rel=\"noreferrer noopener\">LOCAIS DE GOI\u00c2NIA<\/a><\/p>\n\n\n\n<p class=\"has-black-color has-text-color\"><a href=\"http:\/\/casgoiania.com.br\/index.php\/direcao-e-perspectiva\/\" target=\"_blank\" rel=\"noreferrer noopener\">DIRE\u00c7\u00c3O E PERSPECTIVA <\/a><\/p>\n","protected":false},"excerpt":{"rendered":"<p>SINAIS E VERBOS DO AMBIENTE ESCOLAR DISCIPLINAS ESCOLARES PROFISSIONAIS DA ESCOLA IDENTIDADE E CULTURA SURDA ALIMENTOS RECEITA PRONOMES DEMONSTRATIVOS E ADV\u00c9RBIOS DE LUGAR VESTU\u00c1RIOS E ACESS\u00d3RIOS CALEND\u00c1RIO E HORAS ANIMAIS&hellip;<a href=\"https:\/\/casgoiania.com.br\/index.php\/glossario-libras-ii\/\" class=\"more-link\"><span class=\"more-button\">Clique para ler mais<span class=\"screen-reader-text\">Libras II<\/span><\/span><\/a><\/p>\n","protected":false},"author":2,"featured_media":0,"parent":0,"menu_order":0,"comment_status":"closed","ping_status":"closed","template":"","meta":{"_mi_skip_tracking":false,"footnotes":""},"class_list":["post-125","page","type-page","status-publish","hentry"],"_links":{"self":[{"href":"https:\/\/casgoiania.com.br\/index.php\/wp-json\/wp\/v2\/pages\/125","targetHints":{"allow":["GET"]}}],"collection":[{"href":"https:\/\/casgoiania.com.br\/index.php\/wp-json\/wp\/v2\/pages"}],"about":[{"href":"https:\/\/casgoiania.com.br\/index.php\/wp-json\/wp\/v2\/types\/page"}],"author":[{"embeddable":true,"href":"https:\/\/casgoiania.com.br\/index.php\/wp-json\/wp\/v2\/users\/2"}],"replies":[{"embeddable":true,"href":"https:\/\/casgoiania.com.br\/index.php\/wp-json\/wp\/v2\/comments?post=125"}],"version-history":[{"count":9,"href":"https:\/\/casgoiania.com.br\/index.php\/wp-json\/wp\/v2\/pages\/125\/revisions"}],"predecessor-version":[{"id":2908,"href":"https:\/\/casgoiania.com.br\/index.php\/wp-json\/wp\/v2\/pages\/125\/revisions\/2908"}],"wp:attachment":[{"href":"https:\/\/casgoiania.com.br\/index.php\/wp-json\/wp\/v2\/media?parent=125"}],"curies":[{"name":"wp","href":"https:\/\/api.w.org\/{rel}","templated":true}]}}