{"id":1032,"date":"2021-11-26T10:19:03","date_gmt":"2021-11-26T13:19:03","guid":{"rendered":"http:\/\/casgoiania.com.br\/?page_id=1032"},"modified":"2025-05-12T12:01:45","modified_gmt":"2025-05-12T15:01:45","slug":"certificado-de-exame-de-proficiencia","status":"publish","type":"page","link":"https:\/\/casgoiania.com.br\/index.php\/certificado-de-exame-de-proficiencia\/","title":{"rendered":"CERTIFICADOS DE EXAME DE PROFICI\u00caNCIA"},"content":{"rendered":"\n<p><strong>ATEN\u00c7\u00c3O<\/strong>: As orienta\u00e7\u00f5es a seguir se aplicam a <strong><mark style=\"background-color:rgba(0, 0, 0, 0)\" class=\"has-inline-color has-vivid-red-color\"><span style=\"text-decoration: underline;\">exames realizados a partir de outubro de 2021<\/span><\/mark><\/strong><\/p>\n\n\n\n<p class=\"has-text-align-center\">&nbsp;SEGUE O PASSO A PASSO ABAIXO PARA IMPRIMIR SEU CERTIFICADO:<\/p>\n\n\n\n<ul class=\"wp-block-list\">\n<li>1. Acesse\u00a0o link:\u00a0<a href=\"https:\/\/eadcertificados.educacao.go.gov.br\" target=\"_blank\" rel=\"noreferrer noopener\">https:\/\/eadcertificados.educacao.go.gov.br<\/a>;<\/li>\n\n\n\n<li>2. Em&nbsp;<em><strong>identifica\u00e7\u00e3o de usu\u00e1rio<\/strong><\/em>&nbsp;escreva o seu CPF (sem pontos e tra\u00e7o) e clique em \u201c<strong><em>Acessar<\/em><\/strong>\u201d;<\/li>\n\n\n\n<li><mark style=\"background-color:rgba(0, 0, 0, 0)\" class=\"has-inline-color has-vivid-red-color\">Ap\u00f3s clicar em \u201cacessar\u201d,&nbsp;caso apare\u00e7a a mensagem de erro em vermelho, entre em contato com o NAS;<\/mark><br><strong>Whatsapp:<\/strong>&nbsp;(62) 98122-9951<br><strong>Email*:<\/strong>&nbsp;casgoiania@seduc.go.gov.br<br>*No&nbsp;<em>e-mail<\/em>&nbsp;deve constar o nome completo, CPF e o n\u00famero do celular (preferencialmente com&nbsp;<em>WhatsApp<\/em>).<\/li>\n\n\n\n<li>3. Ao acessar o painel, no lado esquerdo ver\u00e1 escrito&nbsp;<em>\u201cMeus cursos\u201d&nbsp;<\/em>e logo abaixo o(s) curso(s)\/exame(s) inscrito(s) em seu CPF;<\/li>\n\n\n\n<li>4. No painel \u201cResumo do cursos\u201d, escolha a op\u00e7\u00e3o&nbsp;<strong>\u201cTodos (exceto removidos da visualiza\u00e7\u00e3o)\u201d<\/strong>&nbsp;para visualizar o(s) certificado(s), conforme imagem abaixo.<\/li>\n<\/ul>\n\n\n\n<figure class=\"wp-block-image size-full\"><img loading=\"lazy\" decoding=\"async\" width=\"1919\" height=\"950\" src=\"https:\/\/casgoiania.com.br\/wp-content\/uploads\/2024\/01\/Visualizacao-Certificados-CEPFOR.png\" alt=\"\" class=\"wp-image-2344\" srcset=\"https:\/\/casgoiania.com.br\/wp-content\/uploads\/2024\/01\/Visualizacao-Certificados-CEPFOR.png 1919w, https:\/\/casgoiania.com.br\/wp-content\/uploads\/2024\/01\/Visualizacao-Certificados-CEPFOR-300x149.png 300w, https:\/\/casgoiania.com.br\/wp-content\/uploads\/2024\/01\/Visualizacao-Certificados-CEPFOR-1024x507.png 1024w, https:\/\/casgoiania.com.br\/wp-content\/uploads\/2024\/01\/Visualizacao-Certificados-CEPFOR-768x380.png 768w, https:\/\/casgoiania.com.br\/wp-content\/uploads\/2024\/01\/Visualizacao-Certificados-CEPFOR-1536x760.png 1536w, https:\/\/casgoiania.com.br\/wp-content\/uploads\/2024\/01\/Visualizacao-Certificados-CEPFOR-825x408.png 825w, https:\/\/casgoiania.com.br\/wp-content\/uploads\/2024\/01\/Visualizacao-Certificados-CEPFOR-600x297.png 600w, https:\/\/casgoiania.com.br\/wp-content\/uploads\/2024\/01\/Visualizacao-Certificados-CEPFOR-400x198.png 400w\" sizes=\"auto, (max-width: 1919px) 100vw, 1919px\" \/><\/figure>\n\n\n\n<ul class=\"wp-block-list\">\n<li>5. Clique no seu certificado do exame de profici\u00eancia;<\/li>\n\n\n\n<li>6. No campo <em>\u201cEMISS\u00c3O DE CERTIFICADO\u201d<\/em>, clique em &#8220;<em>CERTIFICADO&#8221;<\/em>;<\/li>\n\n\n\n<li>7. Clique em&nbsp;<strong>&#8220;OBTER CERTIFICADO&#8221;<\/strong> (ou <em>\u201cImprimir meu certificado\u201d<\/em>). Uma tela de visualiza\u00e7\u00e3o do certificado ser\u00e1 aberta. Confira os dados, clique em salvar (Ctrl+B). Baixe o arquivo em formato PDF;<\/li>\n\n\n\n<li>8. Ap\u00f3s o <em>download<\/em>, poder\u00e1 imprimir seu certificado (frente e verso).<\/li>\n<\/ul>\n\n\n\n<p class=\"has-vivid-red-color has-text-color\"> <br><br><br><\/p>\n","protected":false},"excerpt":{"rendered":"<p>ATEN\u00c7\u00c3O: As orienta\u00e7\u00f5es a seguir se aplicam a exames realizados a partir de outubro de 2021 &nbsp;SEGUE O PASSO A PASSO ABAIXO PARA IMPRIMIR SEU CERTIFICADO:<\/p>\n","protected":false},"author":2,"featured_media":0,"parent":0,"menu_order":0,"comment_status":"closed","ping_status":"closed","template":"","meta":{"_mi_skip_tracking":false,"footnotes":""},"class_list":["post-1032","page","type-page","status-publish","hentry"],"_links":{"self":[{"href":"https:\/\/casgoiania.com.br\/index.php\/wp-json\/wp\/v2\/pages\/1032","targetHints":{"allow":["GET"]}}],"collection":[{"href":"https:\/\/casgoiania.com.br\/index.php\/wp-json\/wp\/v2\/pages"}],"about":[{"href":"https:\/\/casgoiania.com.br\/index.php\/wp-json\/wp\/v2\/types\/page"}],"author":[{"embeddable":true,"href":"https:\/\/casgoiania.com.br\/index.php\/wp-json\/wp\/v2\/users\/2"}],"replies":[{"embeddable":true,"href":"https:\/\/casgoiania.com.br\/index.php\/wp-json\/wp\/v2\/comments?post=1032"}],"version-history":[{"count":19,"href":"https:\/\/casgoiania.com.br\/index.php\/wp-json\/wp\/v2\/pages\/1032\/revisions"}],"predecessor-version":[{"id":2922,"href":"https:\/\/casgoiania.com.br\/index.php\/wp-json\/wp\/v2\/pages\/1032\/revisions\/2922"}],"wp:attachment":[{"href":"https:\/\/casgoiania.com.br\/index.php\/wp-json\/wp\/v2\/media?parent=1032"}],"curies":[{"name":"wp","href":"https:\/\/api.w.org\/{rel}","templated":true}]}}